/i*340/15?
4
Suppose 0 = 6*s + 6*s - 6204. What is the hundreds digit of s?
5
Let w = -756 + 1108. Suppose w = 6*j - 206. What is the units digit of j?
3
Let m be (-2)/3*3*(-6 + 4). Suppose -4*f + 49 = 3*i + m, f + i - 10 = 0. What is the tens digit of f?
1
Let z(w) = 59*w**2 + 5*w - 5. What is the thousands digit of z(6)?
2
Let i = 327 - 208. What is the tens digit of i?
1
Suppose -g - 4781 = -4*r + r, 5*r = -5*g + 7995. What is the units digit of r?
5
What is the hundreds digit of (-3)/12*14*-142?
4
Let a be 2 + 0 - (1 - 1). Suppose -6*m + 5*m + 8 = 0. Let z = m - a. What is the units digit of z?
6
Suppose 0*b - 2*a = b - 246, 20 = -4*a. What is the units digit of b?
6
Let m(d) = 96*d - 62. What is the units digit of m(5)?
8
Suppose 1848 = -14*l + 42*l. What is the tens digit of l?
6
Suppose -4*b - z = -7, -4*z = 5*b - 4 - 2. Suppose -1 = 3*v + b*a + 2, -3*v - 4*a - 9 = 0. What is the units digit of v?
1
Suppose -3*m = -31*s + 34*s - 1983, -2*m + 2*s = -1306. What is the units digit of m?
7
Let k(c) be the second derivative of c**4/6 - c**3/6 - 3*c**2/2 - 2*c. Let u = 27 + -30. What is the units digit of k(u)?
8
Suppose 2*w + 18 = 98. What is the units digit of (-9)/((-9)/w) - -4?
4
Let g be (-1)/(-4 - 68/(-16)). Let j(l) = -6*l + 4. What is the tens digit of j(g)?
2
Suppose -2*w + 7*w + 4*s + 20 = 0, 4*w = 4*s + 20. Suppose -26 = -z + 2*o + 98, w = -5*z - 5*o + 560. What is the hundreds digit of z?
1
What is the units digit of 2869 - 1/((-2)/(-6))?
6
Let t(s) = -7 + 4*s**2 - 24 - 3*s**2. What is the hundreds digit of t(-15)?
1
Suppose 3*x - 21 = 420. Suppose x = -d + 4*d. What is the units digit of d?
9
Let v(d) = -10*d - 42. Let z be v(-6). Let h = z + 37. What is the tens digit of h?
5
Let c(f) be the second derivative of f**4/2 - f**2/2 - 2*f. Let h be c(-3). Suppose 0 = -4*x + h - 1. What is the units digit of x?
3
Let m = -129 + 91. Let k be (-24)/16 + m/(-4). What is the tens digit of -1*44/k*-2?
1
Suppose l + 2*l - 2*x - 663 = 0, 2*l = 3*x + 447. Let p = -74 + l. What is the hundreds digit of p?
1
Suppose 510 = 3*l + 2*r, -2*l + 261 = 5*r - 90. What is the tens digit of l?
6
Let z(c) = 42*c - 69. What is the hundreds digit of z(7)?
2
Suppose -k = -7*k - 12. Let s be 1*(k + 8/4). Suppose -5*q + 2 + 3 = s. What is the units digit of q?
1
Suppose d + 2050 = 5*o, 5*o - 1003 - 1017 = -5*d. What is the tens digit of o?
0
Let y = -85 - -87. Suppose 215 = y*p + 3*c, 6*c = 3*p + 2*c - 280. What is the units digit of p?
0
Suppose -15 = r - 50. Suppose 7 = -5*m + 2*q + r, 5*m - 24 = q. Let u(h) = h**3 - 3*h**2 + 2*h + 5. What is the units digit of u(m)?
9
Let w(g) = -13*g**2 - 2*g + 27*g**2 - 15*g**2 + 89 + 57. What is the hundreds digit of w(0)?
1
Suppose 158401 = 56*l + 15*l. What is the hundreds digit of l?
2
Let f(w) = -2*w**3 - 10*w**2 + 3*w - 12. Let i be f(-5). What is the units digit of 15/2*(-72)/i?
0
Let t(d) = -6 + 0*d + 2*d - d. Let q be t(7). Suppose q + 2 = 3*k. What is the units digit of k?
1
Let c(x) be the third derivative of -25*x**4/24 + x**3 - 7*x**2. What is the tens digit of c(-4)?
0
Suppose -4*m - 3*r = 8 - 24, 0 = 4*m + 5*r - 24. Let t be m*(-5)/(15/(-24)). Suppose w - 2 = 0, -2*y + t + 20 = -2*w. What is the units digit of y?
6
Let c = 2 + 12. Let z be (11 - c) + 2 + -1. Let d = 16 + z. What is the units digit of d?
4
Suppose 16*l + 20 = 12*l. Let y(t) = -t**2 - 10*t - 2. What is the tens digit of y(l)?
2
Suppose 3*f + 2*l = 66, 3*f = -2*f + 5*l + 135. Let k be 2/(-3)*(-9 + f). What is the units digit of 10/(k/4 + 3)?
0
Suppose 13001 = 11*s + 4377. What is the hundreds digit of s?
7
Let s = -38 + 38. Suppose 0 = -4*v + j + 121, 2*v + s*j - 65 = -j. What is the units digit of v?
1
Suppose 2*u + 2*u = -5*t + 1031, -2*u = -2*t + 398. What is the tens digit of t/3 + 2/6 - 1?
6
Let i be (4/(-5))/(8/(-100)) - 2. Suppose -i*j = -j - 539. What is the tens digit of j?
7
Let b = -497 + 728. What is the units digit of b?
1
Let f = -9 - -13. Suppose f*l - 991 = -5*s, 2*l - 3*s - 503 = -4*s. What is the tens digit of l?
5
Suppose -5*g + 3*x + 45 = 0, 3*g - 6 = -3*x - 3. Suppose 0 = -i - d + g, -i - 3*d + 6 + 4 = 0. What is the units digit of i?
4
Suppose -8*k + 22297 - 6769 = 0. What is the thousands digit of k?
1
Suppose g - 5 = 0, u + 4*g - 5 - 13 = 0. What is the units digit of (-1 + 147)*u/(-2 + -2)?
3
What is the tens digit of (19 - (2 - -21))/((-2)/356)?
1
Suppose -n + 12536 = 4*b + 3*n, 3*n = 2*b - 6288. What is the tens digit of b?
3
Suppose 0 = 3*j - 2*j - 5*b - 71, 2*b - 154 = -2*j. Let o = 1296 - 1326. Let a = j + o. What is the tens digit of a?
4
Let n = 2109 - 1235. What is the tens digit of n?
7
Let m = 26 - -473. What is the units digit of m?
9
Let k = -19 - -20. What is the tens digit of ((-12)/(-4)*-1 + 187)*k?
8
Let a be -1*(3 + (0 - 3)). Let b = 5 - a. What is the units digit of 1*(-2 + b) - -4?
7
Suppose 8*b - 307 = -99. What is the hundreds digit of (b*2)/(3/36*4)?
1
Let i(p) = p**3 - 10*p**2 + p - 5. Let a be i(10). Let r(v) = v**3 - v**2 - 11*v - 1. What is the units digit of r(a)?
4
Let j(r) be the first derivative of -3*r**2/2 - 5*r - 4. What is the units digit of j(-10)?
5
Suppose -4*u = 4, -3*y - 4*u = y + 52. Let t be (6/y)/((-1)/24). What is the units digit of 5*(t/(-5))/(-2)?
6
Suppose -10*h = -8279 - 2201. What is the units digit of h?
8
Let w = -54 - -50. Let g = 33 + w. What is the tens digit of g?
2
Let y(i) be the first derivative of 2*i**4 + 2*i**3/3 - i**2/2 + 2*i + 7. Let v be y(-2). What is the tens digit of v*(2 + (-10)/4)?
2
Let x(c) = 19 - 7 - 2 - 6*c. What is the units digit of x(-5)?
0
Let x(j) = -j**3 + 5*j**2 - 4*j - 1. Let s be x(-4). Suppose -5*g - 460 = -5*d, d + 3*g = -55 + s. Suppose -3*y = -8*y + d. What is the tens digit of y?
1
Let t(n) = -15*n - 1. Let s be t(-6). Suppose 5*i + s = 919. What is the units digit of i?
6
Suppose -3*v + 5*c + 22 = 0, -v - 2*c + 4 = v. Let m(b) = b**3 - 4*b**2 + 2*b. What is the units digit of m(v)?
8
Let h = 16 - 22. Let c = h - -19. What is the tens digit of c?
1
Suppose v + 3*p = -44, v + 4*p = 3*v + 58. Let j = v + 53. What is the units digit of j?
8
Let k(y) = -5*y - y + 2*y + 3*y. Let p be k(-7). What is the tens digit of (-600)/(-42) - 2/p?
1
Let d(g) = 2*g - 13. Let y be d(12). What is the units digit of 4*((-6)/(-2) - y/(-11))?
6
Suppose -i + 1079 = 3*o, -3*o + i + 1785 = 2*o. Suppose -4*x + 30 = -o. What is the tens digit of x?
9
Suppose 0 = -23*k + 20*k + 1347. What is the tens digit of k?
4
Let z(u) = -u**2 - 7*u - 4. Let k be z(-7). What is the units digit of 308/9 - k/(-18)?
4
Let m(n) = n**2 + 2*n + 5. Let t be m(0). Suppose -t*x + 4*x + 57 = 0. What is the tens digit of x?
5
Let a be 8/(2 + (-276)/139). Suppose -11*d = -15*d + a. What is the tens digit of d?
3
Suppose 0 = -4*m - 3 - 1. Let h(k) = k**3 + k**2. Let o be h(m). Suppose o = -2*c + 3*j + 2, 0 = 4*c - 4*j - 8 + 4. What is the units digit of c?
1
Let d = -1325 - -2467. What is the tens digit of d?
4
Let w(k) = -2*k + 12. Let i be w(6). Suppose -2*n + 2 + 6 = i. Let d(q) = -q**3 + 5*q**2 + 3*q - 3. What is the tens digit of d(n)?
2
Suppose 0*v + 9*v - 3240 = 0. What is the tens digit of v?
6
Suppose 0 = -3*b - 0 - 0. Suppose -227 = -2*h - c, 3*h - 337 = -b*h - 5*c. What is the tens digit of h?
1
Let o(a) = a**3 - 34*a**2 - 2*a + 75. Let v be o(34). Suppose -3*b = -v*b + 200. What is the tens digit of b?
5
What is the tens digit of (((-146965)/(-26))/(-35))/(2/(-28))?
6
Let q = 237 + -95. Suppose -o + q = 4*u, -5*u - o + 178 = -0*o. What is the tens digit of u?
3
Suppose 300 + 152 = 4*p + 5*o, 0 = -2*p - 2*o + 224. Suppose -226 = -5*a - b + 194, 5*b - p = -a. What is the units digit of a?
3
Let j(s) = 28*s**3 - 2*s**2 - 3*s + 3. Let r be j(2). Suppose -3*n = -6*n + r. Let p = n - 23. What is the units digit of p?
8
Let d(l) = 801*l + 602. What is the units digit of d(6)?
8
Let u(l) = -281*l - 654. What is the thousands digit of u(-24)?
6
Suppose 6*f = 21*f - 8760. What is the hundreds digit of f?
5
Suppose 5*y - 625 = -k + 4*k, y = 3*k + 137. Let p = -56 + y. What is the tens digit of p?
6
Let x = 5 + -5. Let q(w) = -8*w - w**2 + 9 + x*w**2 + 2*w**2. What is the units digit of q(9)?
8
Suppose 121 = a - 137. What is the hundreds digit of a?
2
Suppose -4*o = -1 - 15. What is